{"id":1065,"date":"2022-06-25T10:38:52","date_gmt":"2022-06-25T08:38:52","guid":{"rendered":"https:\/\/netbis.sk\/modely\/?post_type=product&#038;p=1065"},"modified":"2025-10-20T12:18:10","modified_gmt":"2025-10-20T10:18:10","slug":"plechovy-sud-na-olej-1-kus-nefarbeny-tt","status":"publish","type":"product","link":"https:\/\/netbis.sk\/modely\/produkt\/plechovy-sud-na-olej-1-kus-nefarbeny-tt\/","title":{"rendered":"Plechov\u00fd sud na olej, 2 kusy, TT"},"content":{"rendered":"<p>Plechov\u00fd sud na olej, 2 kusy, TT. Je to 3D tla\u010d, materi\u00e1l rezin<\/p>\n","protected":false},"excerpt":{"rendered":"<p>Plechov\u00fd sud na olej, 2 kusy, TT<\/p>\n","protected":false},"featured_media":1081,"comment_status":"closed","ping_status":"closed","template":"","meta":{"postBodyCss":"","postBodyMargin":[],"postBodyPadding":[],"postBodyBackground":{"backgroundType":"classic","gradient":""}},"product_brand":[],"product_cat":[22,21],"product_tag":[],"class_list":{"0":"post-1065","1":"product","2":"type-product","3":"status-publish","4":"has-post-thumbnail","6":"product_cat-detaily-priemysel-tt","7":"product_cat-tt","9":"first","10":"onbackorder","11":"shipping-taxable","12":"purchasable","13":"product-type-variable"},"jetpack_sharing_enabled":true,"_links":{"self":[{"href":"https:\/\/netbis.sk\/modely\/wp-json\/wp\/v2\/product\/1065","targetHints":{"allow":["GET"]}}],"collection":[{"href":"https:\/\/netbis.sk\/modely\/wp-json\/wp\/v2\/product"}],"about":[{"href":"https:\/\/netbis.sk\/modely\/wp-json\/wp\/v2\/types\/product"}],"replies":[{"embeddable":true,"href":"https:\/\/netbis.sk\/modely\/wp-json\/wp\/v2\/comments?post=1065"}],"wp:featuredmedia":[{"embeddable":true,"href":"https:\/\/netbis.sk\/modely\/wp-json\/wp\/v2\/media\/1081"}],"wp:attachment":[{"href":"https:\/\/netbis.sk\/modely\/wp-json\/wp\/v2\/media?parent=1065"}],"wp:term":[{"taxonomy":"product_brand","embeddable":true,"href":"https:\/\/netbis.sk\/modely\/wp-json\/wp\/v2\/product_brand?post=1065"},{"taxonomy":"product_cat","embeddable":true,"href":"https:\/\/netbis.sk\/modely\/wp-json\/wp\/v2\/product_cat?post=1065"},{"taxonomy":"product_tag","embeddable":true,"href":"https:\/\/netbis.sk\/modely\/wp-json\/wp\/v2\/product_tag?post=1065"}],"curies":[{"name":"wp","href":"https:\/\/api.w.org\/{rel}","templated":true}]}}