{"id":1117,"date":"2022-06-27T18:38:12","date_gmt":"2022-06-27T16:38:12","guid":{"rendered":"https:\/\/netbis.sk\/modely\/?post_type=product&#038;p=1117"},"modified":"2025-10-20T12:33:21","modified_gmt":"2025-10-20T10:33:21","slug":"narazniky-na-odliatky-voznov-4-kusy-h0-2","status":"publish","type":"product","link":"https:\/\/netbis.sk\/modely\/produkt\/narazniky-na-odliatky-voznov-4-kusy-h0-2\/","title":{"rendered":"N\u00e1razn\u00edky na odliatky voz\u0148ov, 4 kusy, H0"},"content":{"rendered":"<p>N\u00e1razn\u00edky na odliatky voz\u0148ov, materi\u00e1l rezin. Balenie obsahuje 4 kusy, 2x ploch\u00fd a 2x obl\u00fd. Nie je mo\u017en\u00e9 lepi\u0165 lepidlom na plast.<\/p>\n","protected":false},"excerpt":{"rendered":"<p>N\u00e1razn\u00edky na odliatky voz\u0148ov,\u00a0 4 kusy, 2x ploch\u00fd a 2x obl\u00fd.<\/p>\n","protected":false},"featured_media":1310,"comment_status":"closed","ping_status":"closed","template":"","meta":{"postBodyCss":"","postBodyMargin":[],"postBodyPadding":[],"postBodyBackground":{"backgroundType":"classic","gradient":""}},"product_brand":[],"product_cat":[23,19],"product_tag":[],"class_list":{"0":"post-1117","1":"product","2":"type-product","3":"status-publish","4":"has-post-thumbnail","6":"product_cat-doplnky-na-vozne","7":"product_cat-h0","9":"first","10":"onbackorder","11":"shipping-taxable","12":"purchasable","13":"product-type-simple"},"jetpack_sharing_enabled":true,"_links":{"self":[{"href":"https:\/\/netbis.sk\/modely\/wp-json\/wp\/v2\/product\/1117","targetHints":{"allow":["GET"]}}],"collection":[{"href":"https:\/\/netbis.sk\/modely\/wp-json\/wp\/v2\/product"}],"about":[{"href":"https:\/\/netbis.sk\/modely\/wp-json\/wp\/v2\/types\/product"}],"replies":[{"embeddable":true,"href":"https:\/\/netbis.sk\/modely\/wp-json\/wp\/v2\/comments?post=1117"}],"wp:featuredmedia":[{"embeddable":true,"href":"https:\/\/netbis.sk\/modely\/wp-json\/wp\/v2\/media\/1310"}],"wp:attachment":[{"href":"https:\/\/netbis.sk\/modely\/wp-json\/wp\/v2\/media?parent=1117"}],"wp:term":[{"taxonomy":"product_brand","embeddable":true,"href":"https:\/\/netbis.sk\/modely\/wp-json\/wp\/v2\/product_brand?post=1117"},{"taxonomy":"product_cat","embeddable":true,"href":"https:\/\/netbis.sk\/modely\/wp-json\/wp\/v2\/product_cat?post=1117"},{"taxonomy":"product_tag","embeddable":true,"href":"https:\/\/netbis.sk\/modely\/wp-json\/wp\/v2\/product_tag?post=1117"}],"curies":[{"name":"wp","href":"https:\/\/api.w.org\/{rel}","templated":true}]}}