{"id":1324,"date":"2022-07-20T08:08:22","date_gmt":"2022-07-20T06:08:22","guid":{"rendered":"https:\/\/netbis.sk\/modely\/?post_type=product&#038;p=1324"},"modified":"2025-10-20T12:20:55","modified_gmt":"2025-10-20T10:20:55","slug":"latrina-sada-2-kusy-tt","status":"publish","type":"product","link":"https:\/\/netbis.sk\/modely\/produkt\/latrina-sada-2-kusy-tt\/","title":{"rendered":"Latr\u00edna, sada 2 kusy, TT"},"content":{"rendered":"<p>Latr\u00edna, sada 2 kusy, mierka TT. Jedna m\u00e1 zatvoren\u00e9 dvere, druh\u00e1 pootvoren\u00e9, nie je mo\u017en\u00e9 dvere otv\u00e1ra\u0165 alebo zatv\u00e1ra\u0165. Je to 3D tla\u010d, materi\u00e1l rezin. POZOR:\u00a0 nie je mo\u017en\u00e9 lepi\u0165 lepidlom na plast<\/p>\n","protected":false},"excerpt":{"rendered":"<p>Latr\u00edna, sada 2 kusy, mierka TT<\/p>\n","protected":false},"featured_media":1325,"comment_status":"closed","ping_status":"closed","template":"","meta":{"postBodyCss":"","postBodyMargin":[],"postBodyPadding":[],"postBodyBackground":{"backgroundType":"classic","gradient":""}},"product_brand":[],"product_cat":[27,21],"product_tag":[],"class_list":{"0":"post-1324","1":"product","2":"type-product","3":"status-publish","4":"has-post-thumbnail","6":"product_cat-detaily-krajiny-tt","7":"product_cat-tt","9":"first","10":"onbackorder","11":"shipping-taxable","12":"purchasable","13":"product-type-variable"},"jetpack_sharing_enabled":true,"_links":{"self":[{"href":"https:\/\/netbis.sk\/modely\/wp-json\/wp\/v2\/product\/1324","targetHints":{"allow":["GET"]}}],"collection":[{"href":"https:\/\/netbis.sk\/modely\/wp-json\/wp\/v2\/product"}],"about":[{"href":"https:\/\/netbis.sk\/modely\/wp-json\/wp\/v2\/types\/product"}],"replies":[{"embeddable":true,"href":"https:\/\/netbis.sk\/modely\/wp-json\/wp\/v2\/comments?post=1324"}],"wp:featuredmedia":[{"embeddable":true,"href":"https:\/\/netbis.sk\/modely\/wp-json\/wp\/v2\/media\/1325"}],"wp:attachment":[{"href":"https:\/\/netbis.sk\/modely\/wp-json\/wp\/v2\/media?parent=1324"}],"wp:term":[{"taxonomy":"product_brand","embeddable":true,"href":"https:\/\/netbis.sk\/modely\/wp-json\/wp\/v2\/product_brand?post=1324"},{"taxonomy":"product_cat","embeddable":true,"href":"https:\/\/netbis.sk\/modely\/wp-json\/wp\/v2\/product_cat?post=1324"},{"taxonomy":"product_tag","embeddable":true,"href":"https:\/\/netbis.sk\/modely\/wp-json\/wp\/v2\/product_tag?post=1324"}],"curies":[{"name":"wp","href":"https:\/\/api.w.org\/{rel}","templated":true}]}}