{"id":2092,"date":"2025-10-21T10:19:25","date_gmt":"2025-10-21T08:19:25","guid":{"rendered":"https:\/\/netbis.sk\/modely\/?post_type=product&#038;p=2092"},"modified":"2025-10-21T10:24:31","modified_gmt":"2025-10-21T08:24:31","slug":"brzdarska-budka-so-zabradlim-na-nakladne-vozne-h0","status":"publish","type":"product","link":"https:\/\/netbis.sk\/modely\/produkt\/brzdarska-budka-so-zabradlim-na-nakladne-vozne-h0\/","title":{"rendered":"Brzd\u00e1rska b\u00fadka so z\u00e1bradl\u00edm, na n\u00e1kladn\u00e9 vozne, H0"},"content":{"rendered":"<p>Brzd\u00e1rska b\u00fadka so z\u00e1bradl\u00edm, na n\u00e1kladn\u00e9 vozne, H0, materi\u00e1l rezin. Nie je mo\u017en\u00e9 lepi\u0165 lepidlom na plast, odpor\u00fa\u010dame sekundov\u00e9 lepidlo alebo dvojzlo\u017ekov\u00e9 lepidlo. Produkt je na podpor\u00e1ch, ktor\u00e9 sa daj\u00fa \u013eahko odstr\u00e1ni\u0165 pomocou ostr\u00fdch no\u017eni\u010diek alebo mal\u00fdch model\u00e1rskych klie\u0161t\u00ed.<\/p>\n","protected":false},"excerpt":{"rendered":"<p>Brzd\u00e1rska b\u00fadka so z\u00e1bradl\u00edm, na n\u00e1kladn\u00e9 vozne, H0<\/p>\n","protected":false},"featured_media":2093,"comment_status":"closed","ping_status":"closed","template":"","meta":{"postBodyCss":"","postBodyMargin":[],"postBodyPadding":[],"postBodyBackground":{"backgroundType":"classic","gradient":""}},"product_brand":[],"product_cat":[23,19],"product_tag":[],"class_list":{"0":"post-2092","1":"product","2":"type-product","3":"status-publish","4":"has-post-thumbnail","6":"product_cat-doplnky-na-vozne","7":"product_cat-h0","9":"first","10":"onbackorder","11":"shipping-taxable","12":"purchasable","13":"product-type-simple"},"jetpack_sharing_enabled":true,"_links":{"self":[{"href":"https:\/\/netbis.sk\/modely\/wp-json\/wp\/v2\/product\/2092","targetHints":{"allow":["GET"]}}],"collection":[{"href":"https:\/\/netbis.sk\/modely\/wp-json\/wp\/v2\/product"}],"about":[{"href":"https:\/\/netbis.sk\/modely\/wp-json\/wp\/v2\/types\/product"}],"replies":[{"embeddable":true,"href":"https:\/\/netbis.sk\/modely\/wp-json\/wp\/v2\/comments?post=2092"}],"wp:featuredmedia":[{"embeddable":true,"href":"https:\/\/netbis.sk\/modely\/wp-json\/wp\/v2\/media\/2093"}],"wp:attachment":[{"href":"https:\/\/netbis.sk\/modely\/wp-json\/wp\/v2\/media?parent=2092"}],"wp:term":[{"taxonomy":"product_brand","embeddable":true,"href":"https:\/\/netbis.sk\/modely\/wp-json\/wp\/v2\/product_brand?post=2092"},{"taxonomy":"product_cat","embeddable":true,"href":"https:\/\/netbis.sk\/modely\/wp-json\/wp\/v2\/product_cat?post=2092"},{"taxonomy":"product_tag","embeddable":true,"href":"https:\/\/netbis.sk\/modely\/wp-json\/wp\/v2\/product_tag?post=2092"}],"curies":[{"name":"wp","href":"https:\/\/api.w.org\/{rel}","templated":true}]}}