{"id":2743,"date":"2025-10-27T16:53:27","date_gmt":"2025-10-27T15:53:27","guid":{"rendered":"https:\/\/netbis.sk\/modely\/?post_type=product&#038;p=2743"},"modified":"2026-04-20T17:54:31","modified_gmt":"2026-04-20T15:54:31","slug":"zetor-25-variant-1-mierka-h0","status":"publish","type":"product","link":"https:\/\/netbis.sk\/modely\/produkt\/zetor-25-variant-1-mierka-h0\/","title":{"rendered":"Zetor 25A, mierka H0"},"content":{"rendered":"<p>Zetor 25A, mierka H0<\/p>\n<p>Variant traktora Zetor 25 s obl\u00fdmi blatn\u00edkmi. Farby pri farbenej variante ako aj pri patine sa m\u00f4\u017eu l\u00ed\u0161i\u0165, fotky s\u00fa orienta\u010dn\u00e9<\/p>\n","protected":false},"excerpt":{"rendered":"<p>Zetor 25A, mierka H0<\/p>\n","protected":false},"featured_media":2914,"comment_status":"closed","ping_status":"closed","template":"","meta":{"postBodyCss":"","postBodyMargin":[],"postBodyPadding":[],"postBodyBackground":{"backgroundType":"classic","gradient":""}},"product_brand":[],"product_cat":[19,49],"product_tag":[],"class_list":{"0":"post-2743","1":"product","2":"type-product","3":"status-publish","4":"has-post-thumbnail","6":"product_cat-h0","7":"product_cat-polnohospodarstvo","9":"first","10":"instock","11":"shipping-taxable","12":"purchasable","13":"product-type-variable"},"jetpack_sharing_enabled":true,"_links":{"self":[{"href":"https:\/\/netbis.sk\/modely\/wp-json\/wp\/v2\/product\/2743","targetHints":{"allow":["GET"]}}],"collection":[{"href":"https:\/\/netbis.sk\/modely\/wp-json\/wp\/v2\/product"}],"about":[{"href":"https:\/\/netbis.sk\/modely\/wp-json\/wp\/v2\/types\/product"}],"replies":[{"embeddable":true,"href":"https:\/\/netbis.sk\/modely\/wp-json\/wp\/v2\/comments?post=2743"}],"wp:featuredmedia":[{"embeddable":true,"href":"https:\/\/netbis.sk\/modely\/wp-json\/wp\/v2\/media\/2914"}],"wp:attachment":[{"href":"https:\/\/netbis.sk\/modely\/wp-json\/wp\/v2\/media?parent=2743"}],"wp:term":[{"taxonomy":"product_brand","embeddable":true,"href":"https:\/\/netbis.sk\/modely\/wp-json\/wp\/v2\/product_brand?post=2743"},{"taxonomy":"product_cat","embeddable":true,"href":"https:\/\/netbis.sk\/modely\/wp-json\/wp\/v2\/product_cat?post=2743"},{"taxonomy":"product_tag","embeddable":true,"href":"https:\/\/netbis.sk\/modely\/wp-json\/wp\/v2\/product_tag?post=2743"}],"curies":[{"name":"wp","href":"https:\/\/api.w.org\/{rel}","templated":true}]}}