{"id":3087,"date":"2025-11-11T19:25:15","date_gmt":"2025-11-11T18:25:15","guid":{"rendered":"https:\/\/netbis.sk\/modely\/?post_type=product&#038;p=3087"},"modified":"2025-11-16T10:34:32","modified_gmt":"2025-11-16T09:34:32","slug":"podlozka-na-mini-dioramu-okruhla","status":"publish","type":"product","link":"https:\/\/netbis.sk\/modely\/produkt\/podlozka-na-mini-dioramu-okruhla\/","title":{"rendered":"Podlo\u017eka na mini dior\u00e1mu, okr\u00fahla"},"content":{"rendered":"<p>Podlo\u017eka na mini dior\u00e1mu, okr\u00fahla. Vhodn\u00e9 na vytvorenie miniat\u00farnej dior\u00e1my v \u013eubovo\u013enej malej mierke, vhodn\u00fd doplnok do ob\u00fdva\u010dky alebo kancel\u00e1rie.<\/p>\n<p>Vytvoren\u00e9 pomocou FDM 3D tla\u010de, na v\u00fdber v \u010diernej alebo hnedej farbe. Rozmery s\u00fa vonkaj\u0161\u00ed priemer 110mm, vn\u00fatorn\u00fd priestor na dior\u00e1mu je 95mm, v\u00fd\u0161ka 11mm.<\/p>\n<p>Dokon\u010den\u00e1 dior\u00e1ma na fotografi\u00e1ch nie je s\u00fa\u010das\u0165ou ponuky, ide o ilustra\u010dn\u00e9 fotky pre predstavu.<\/p>\n","protected":false},"excerpt":{"rendered":"<p>Podlo\u017eka na mini dior\u00e1mu, okr\u00fahla<\/p>\n","protected":false},"featured_media":3088,"comment_status":"closed","ping_status":"closed","template":"","meta":{"postBodyCss":"","postBodyMargin":[],"postBodyPadding":[],"postBodyBackground":{"backgroundType":"classic","gradient":""}},"product_brand":[],"product_cat":[52],"product_tag":[],"class_list":{"0":"post-3087","1":"product","2":"type-product","3":"status-publish","4":"has-post-thumbnail","6":"product_cat-doplnky-a-pomocky","8":"first","9":"instock","10":"shipping-taxable","11":"purchasable","12":"product-type-variable"},"jetpack_sharing_enabled":true,"_links":{"self":[{"href":"https:\/\/netbis.sk\/modely\/wp-json\/wp\/v2\/product\/3087","targetHints":{"allow":["GET"]}}],"collection":[{"href":"https:\/\/netbis.sk\/modely\/wp-json\/wp\/v2\/product"}],"about":[{"href":"https:\/\/netbis.sk\/modely\/wp-json\/wp\/v2\/types\/product"}],"replies":[{"embeddable":true,"href":"https:\/\/netbis.sk\/modely\/wp-json\/wp\/v2\/comments?post=3087"}],"wp:featuredmedia":[{"embeddable":true,"href":"https:\/\/netbis.sk\/modely\/wp-json\/wp\/v2\/media\/3088"}],"wp:attachment":[{"href":"https:\/\/netbis.sk\/modely\/wp-json\/wp\/v2\/media?parent=3087"}],"wp:term":[{"taxonomy":"product_brand","embeddable":true,"href":"https:\/\/netbis.sk\/modely\/wp-json\/wp\/v2\/product_brand?post=3087"},{"taxonomy":"product_cat","embeddable":true,"href":"https:\/\/netbis.sk\/modely\/wp-json\/wp\/v2\/product_cat?post=3087"},{"taxonomy":"product_tag","embeddable":true,"href":"https:\/\/netbis.sk\/modely\/wp-json\/wp\/v2\/product_tag?post=3087"}],"curies":[{"name":"wp","href":"https:\/\/api.w.org\/{rel}","templated":true}]}}